 is divided by x?
5
Suppose 2*u - 2 = -0. Suppose -2*a = -2 + 10. What is the remainder when 13 is divided by 0 - (u - 0)*a?
1
Let j(i) = i**3 - i**2 - 3*i + 1. Let u(g) = 3*g**3 - 4*g**2 - 8*g + 2. Let a(o) = -17*j(o) + 6*u(o). What is the remainder when a(7) is divided by 6?
4
Let h = 33 + -20. Calculate the remainder when h is divided by 8.
5
Suppose 0 = -w + 3. Suppose -4*i + w*a + 4 = a, -i + 12 = 5*a. What is the remainder when i/3*-3 - -14 is divided by 7?
5
Let n = 39 - 30. Calculate the remainder when 34 is divided by n.
7
Let t = 38 - 8. Calculate the remainder when t is divided by (-18)/(-15)*40/3.
14
Let x be (0 - -1)*(-6)/3. Let c(i) = 6*i**2 - 2*i + 1. What is the remainder when c(x) is divided by (-1)/(1/1)*-10?
9
Let o be 4/3*(-4 - -1). What is the remainder when (-26)/(-4)*(-2 - o) is divided by 8?
5
Let r(b) = -b**2 - b - 2. Suppose -4*s - 3*k - 9 = -6*s, 4*s + 3*k + 27 = 0. Let p be r(s). Calculate the remainder when 16 is divided by p/(-4)*9/2.
7
Let b(q) = 12*q - 37*q - 9 + 20*q. Calculate the remainder when 18 is divided by b(-4).
7
Suppose -2*y - 42 = -8*y. Calculate the remainder when 13 is divided by y.
6
Calculate the remainder when 72 is divided by (-94)/(-4) - 6/(-4).
22
Suppose 0 = 28*m - 33*m + 70. Calculate the remainder when 83 is divided by m.
13
Let x(b) = b - 2. Let s be x(-5). Let q = 7 - s. Let d = -33 + 60. What is the remainder when d is divided by q?
13
Let j = 11 + 16. What is the remainder when j is divided by 14?
13
Suppose -n + 15 = x + 4, 0 = -5*n + x + 85. Let i = 30 + 16. What is the remainder when i is divided by n?
14
Let m(o) = -3*o + 6. Let i be m(4). What is the remainder when (-2)/i + (-370)/(-6) is divided by 16?
14
Let y(t) = -t + 4. Let p be y(-9). Let o = p + 0. What is the remainder when 36 is divided by o?
10
Suppose 5*i = 15, -i + 30 = 3*u + 2*i. Let y(t) = 5*t - 4 - 4*t**2 + t**2 + t**3 + 3*t + 11*t**2. Calculate the remainder when y(-6) is divided by u.
6
Let v(b) = -4*b**3 - 3*b**2 + 4*b + 1. What is the remainder when v(-2) is divided by 8?
5
Let t be (8/3)/((-4)/(-30)). Let b(i) = i**2 - 9*i. Let d be b(8). Let k = t + d. What is the remainder when 22 is divided by k?
10
Let x(o) = -2*o**2 - 27*o + 4. Suppose 268 - 28 = 5*l. Suppose -q = -0*q - l. What is the remainder when q is divided by x(-13)?
14
Suppose -3*t - 5*r + 119 = -t, 0 = -t + r + 42. What is the remainder when t is divided by 12?
11
Suppose 5*w = w + 88. What is the remainder when w is divided by 8?
6
Let t(k) = 3*k + 6. Let u be t(-7). Let g = u - -29. Calculate the remainder when 4 is divided by (-10)/(-15) - g/(-6).
1
Suppose 33 + 6 = 3*u. Let i = 64 - 40. What is the remainder when i is divided by u?
11
Let o be ((-12)/(-18))/(4/(-6)). Let n = 1 - o. Suppose 0 = n*g - 6. What is the remainder when 7 is divided by g?
1
What is the remainder when 59 is divided by (-3)/2*420/(-63)?
9
Let f(r) = 12*r**3 - 2*r + 1. What is the remainder when 19 is divided by f(1)?
8
Let q(o) = -3*o + 3*o**2 + 3*o + 2*o + 1. Suppose 578*m - 583*m = -15. Calculate the remainder when m is divided by q(-1).
1
Suppose 0 = -4*b + 10*b - 90. Calculate the remainder when 44 is divided by b.
14
Let g = 3 - 1. Suppose -g*o = -0*o - 12. Let h = 62 - 51. Calculate the remainder when h is divided by o.
5
Let q(a) = -a**2 + 2. Let x be q(0). Suppose 3*r - 101 = -l, -2*l + 41 + 25 = x*r. What is the remainder when r is divided by 12?
10
Suppose -100 - 26 = -7*z. Calculate the remainder when 69 is divided by z.
15
Let x(i) = -i**3 - 13*i**2 + 14*i + 19. Calculate the remainder when x(-14) is divided by 10.
9
Let r(l) be the second derivative of 57*l**5/20 + l**4/12 + l. What is the remainder when r(1) is divided by 20?
18
Let b(k) = 12*k**2 + 1. Let c = 10 - 7. Calculate the remainder when b(2) is divided by 60/3 - (c - 0).
15
What is the remainder when (16/10)/(8/20) is divided by 3?
1
Suppose 0 = 4*b - 11*b + 77. Suppose w - 19 = 23. Calculate the remainder when w is divided by b.
9
Suppose -3*b + 1 = -41. Calculate the remainder when 26 is divided by (-2)/7 + 200/b.
12
Let i be (0/(-2))/(3*-1). Calculate the remainder when 14 is divided by 6*(-12)/(-9) + i.
6
Calculate the remainder when 53 is divided by 1 - 2/6 - 122/(-6).
11
Let h = 0 + -60. Let r be h/(-25)*(-20)/(-6). Calculate the remainder when 2*1*140/r is divided by 12.
11
Let v = -3 + 12. Suppose 0 = -5*q + 5*j - 190, -10 = -3*q + j - 130. Let b = q + 58. Calculate the remainder when b is divided by v.
8
Let u(k) = 8*k + 3. Let i(q) = q**2 + 24*q + 9. Let g(b) = 3*i(b) - 8*u(b). What is the remainder when g(-6) is divided by (2/4)/((-2)/(-64))?
15
Suppose 3*l + w - 325 = 2*w, 5*w + 448 = 4*l. What is the remainder when l is divided by 22?
19
Suppose 4*o = -a + 8, -5*o - 53 + 9 = -a. What is the remainder when 45 is divided by a?
21
Let i be (15 + -10)/(1 + -2). Calculate the remainder when 2 + i - -17*2 is divided by 8.
7
Suppose -2*u = -4*u + 3*s + 83, -3*u = -2*s - 117. What is the remainder when u is divided by 1*19 + (20 - 25)?
9
Let x(y) = 2 + 4*y + y - 1. Let r(d) = d**3 - 4*d**2 + 5*d - 5. Let n be r(3). What is the remainder when 11 is divided by x(n)?
5
Let j = 6 + -7. What is the remainder when 58 is divided by 2*(j - 0) + 22?
18
Let l(r) = 2*r**2 + 14*r + 12. Let k(q) = q**2 + 4*q + 4. What is the remainder when l(-9) is divided by k(-7)?
23
Suppose -129 = -6*u + 3*u. What is the remainder when u is divided by 15?
13
Suppose 46*m = 35*m + 88. Calculate the remainder when 54 is divided by m.
6
Let l(b) be the third derivative of b**5/60 + b**4/12 - b**3/6 - b**2. Let w = -51 + 63. What is the remainder when l(5) is divided by w?
10
Let b be 30/(-4)*12/(-10). Let v = -14 + 23. What is the remainder when v is divided by (-34)/(-6) + (-6)/b?
4
Let j(z) = 2*z + 3. Let l be j(-12). Let x = 30 + l. Calculate the remainder when 35 is divided by x.
8
Let s(n) = -29*n - 36. What is the remainder when s(-7) is divided by 13?
11
Suppose 17*v - 12*v = 170. What is the remainder when v is divided by 18?
16
Suppose 5*i = 2*t - 239, -3*t - 2*i = -4*t + 121. What is the remainder when t is divided by 32?
31
Suppose -392 = -3*x - 5*n, 0 = 4*x - 6*n + 3*n - 542. Calculate the remainder when x is divided by 45.
44
Suppose 26*t = 21*t + 490. Suppose 0 = 4*c + 2*v - 78, 2*c - t = -3*c - 3*v. What is the remainder when c is divided by 5?
4
Let i = -16 - -23. Calculate the remainder when i is divided by 4.
3
Let t = 0 - 2. Let j = t - -3. Calculate the remainder when 5 - (-1 + j + 0) is divided by 2.
1
Let v(s) be the third derivative of -1/3*s**3 + 1/30*s**5 + 0 - 2*s**2 + 0*s + 1/24*s**4 - 1/120*s**6. Calculate the remainder when 35 is divided by v(-2).
11
Suppose -43*k + 40*k + 51 = 0. Calculate the remainder when k is divided by 6.
5
Let l = 11 + -11. Suppose -w = -l*w - 5. What is the remainder when w is divided by 4?
1
Calculate the remainder when 78 is divided by (-5)/(((-2)/(-16))/(-1)).
38
Suppose 4*l - 5*s = 328, -586 = -5*l + s - 155. Let x = l - 46. Calculate the remainder when x is divided by 22.
19
Suppose w - 3*b + 10 = -1, 4*w = -5*b + 24. Let y be (-25)/(-4) + w/(-4). Suppose 0 = 3*i - 30 - y. What is the remainder when 22 is divided by i?
10
Let f(a) = -a**2 + 18*a - 11. What is the remainder when 41 is divided by f(16)?
20
Suppose 0 = -r + 26. Let h = -1 + r. What is the remainder when h is divided by 7?
4
Let n(i) = i**3 - 8*i**2 + i - 4. Calculate the remainder when 17 is divided by n(8).
1
Let y(r) = r**2 + 8*r - 9. Let o be y(-9). Suppose 0 = 2*t - 56 - o. What is the remainder when t is divided by 15?
13
Let m be 4/6 + 2/(-3). Suppose -q + m*q + 2 = 0. Let b(p) = p**2 + 4*p + 2. What is the remainder when b(-5) is divided by q?
1
Let f(y) = 6*y**2 - 10*y + 11. Let a(b) = 9*b**2 - 15*b + 17. Let h(u) = -5*a(u) + 8*f(u). Calculate the remainder when 42 is divided by h(3).
12
Let u = 15 + -6. Suppose -15*d + 133 + 257 = 0. What is the remainder when d is divided by u?
8
Let a be 3/12*-2*0. Suppose 0 = i - 4*x - 3, 5*i - 5*x - 60 = -a*x. Suppose 9 + i = 3*y. What is the remainder when y is divided by 5?
3
Suppose -3*z - 5*q = -394, -2*z + 5*z - 406 = -2*q. What is the remainder when z is divided by 20?
18
Let a(w) = w**3 + 10*w**2 + 9*w + 10. Calculate the remainder when a(-8